{"id":2534,"date":"2023-05-02T22:50:38","date_gmt":"2023-05-03T03:50:38","guid":{"rendered":"https:\/\/www.itechsas.com\/blog\/?page_id=2534"},"modified":"2023-05-10T15:25:00","modified_gmt":"2023-05-10T20:25:00","slug":"cursos","status":"publish","type":"page","link":"https:\/\/www.itechsas.com\/blog\/cursos\/","title":{"rendered":"Cursos de ciberseguridad"},"content":{"rendered":"\n<h3 class=\"wp-block-heading\">Cursos sin costo para clientes:<\/h3>\n\n\n\n<p>Accede a los recursos educativos exclusivos para nuestros clientes:<\/p>\n\n\n\n<figure class=\"wp-block-table is-style-stripes\"><table><tbody><tr><td><img data-opt-id=1240866392  fetchpriority=\"high\" decoding=\"async\" style=\"width: 1500px;\" src=\"https:\/\/ml4lvzevoq9y.i.optimole.com\/w:auto\/h:auto\/q:mauto\/f:best\/https:\/\/www.itechsas.com\/blog\/wp-content\/uploads\/2023\/05\/image-1.png\" alt=\"\"><\/td><td class=\"has-text-align-left\" data-align=\"left\"><strong>ESET PROTECT CLOUD<\/strong><br>Conoce todas las caracter\u00edsticas de la consola Web y s\u00e1cale el mayor provecho, como: gestionar grupos, crear y asignar pol\u00edticas, y configuraciones varias. <\/td><\/tr><tr><td><a href=\"https:\/\/ml4lvzevoq9y.i.optimole.com\/w:auto\/h:auto\/q:mauto\/f:best\/https:\/\/www.itechsas.com\/blog\/wp-content\/uploads\/2023\/05\/image-2.png\"><\/a><img data-opt-id=451816842  fetchpriority=\"high\" decoding=\"async\" width=\"1500\" height=\"863\" class=\"wp-image-3599\" style=\"width: 1500px;\" src=\"https:\/\/ml4lvzevoq9y.i.optimole.com\/w:auto\/h:auto\/q:mauto\/f:best\/https:\/\/www.itechsas.com\/blog\/wp-content\/uploads\/2023\/05\/image-2.png\" alt=\"\" srcset=\"https:\/\/ml4lvzevoq9y.i.optimole.com\/w:339\/h:195\/q:mauto\/f:best\/https:\/\/www.itechsas.com\/blog\/wp-content\/uploads\/2023\/05\/image-2.png 339w, https:\/\/ml4lvzevoq9y.i.optimole.com\/w:300\/h:173\/q:mauto\/f:best\/https:\/\/www.itechsas.com\/blog\/wp-content\/uploads\/2023\/05\/image-2.png 300w\" sizes=\"(max-width: 650px) 100vw, 650px\" \/><\/td><td class=\"has-text-align-left\" data-align=\"left\"><strong>SEGURIDAD PARA PYMES<\/strong><br>Aprenda c\u00f3mo implementar pol\u00edticas de seguridad que se ajusten a su negocio.<br><strong>Duraci\u00f3n 3 H<\/strong><\/td><\/tr><tr><td><a href=\"https:\/\/ml4lvzevoq9y.i.optimole.com\/w:auto\/h:auto\/q:mauto\/f:best\/https:\/\/www.itechsas.com\/blog\/wp-content\/uploads\/2023\/05\/image-3.png\"><\/a><img data-opt-id=1303720784  data-opt-src=\"https:\/\/ml4lvzevoq9y.i.optimole.com\/w:auto\/h:auto\/q:mauto\/f:best\/https:\/\/www.itechsas.com\/blog\/wp-content\/uploads\/2023\/05\/image-3.png\"  decoding=\"async\" width=\"1500\" height=\"960\" class=\"wp-image-3604\" style=\"width: 1500px;\" src=\"data:image/svg+xml,%3Csvg%20viewBox%3D%220%200%20100%%20100%%22%20width%3D%22100%%22%20height%3D%22100%%22%20xmlns%3D%22http%3A%2F%2Fwww.w3.org%2F2000%2Fsvg%22%3E%3Crect%20width%3D%22100%%22%20height%3D%22100%%22%20fill%3D%22transparent%22%2F%3E%3C%2Fsvg%3E\" alt=\"\" old-srcset=\"https:\/\/ml4lvzevoq9y.i.optimole.com\/w:336\/h:215\/q:mauto\/f:best\/https:\/\/www.itechsas.com\/blog\/wp-content\/uploads\/2023\/05\/image-3.png 336w, https:\/\/ml4lvzevoq9y.i.optimole.com\/w:300\/h:192\/q:mauto\/f:best\/https:\/\/www.itechsas.com\/blog\/wp-content\/uploads\/2023\/05\/image-3.png 300w\" \/><\/td><td class=\"has-text-align-left\" data-align=\"left\"><strong>GESTION Y RESPUESTA A INCIDENTES<br><\/strong>Conozca c\u00f3mo actuar para que la recuperaci\u00f3n sea exitosa y con tiempos de respuesta m\u00e1s cortos.<br><strong>Duraci\u00f3n 2 H<\/strong><\/td><\/tr><tr><td><img data-opt-id=266943588  data-opt-src=\"https:\/\/ml4lvzevoq9y.i.optimole.com\/w:auto\/h:auto\/q:mauto\/f:best\/https:\/\/www.itechsas.com\/blog\/wp-content\/uploads\/2023\/05\/image-4.png\"  decoding=\"async\" width=\"1500\" height=\"954\" class=\"wp-image-3606\" style=\"width: 1500px;\" src=\"data:image/svg+xml,%3Csvg%20viewBox%3D%220%200%20100%%20100%%22%20width%3D%22100%%22%20height%3D%22100%%22%20xmlns%3D%22http%3A%2F%2Fwww.w3.org%2F2000%2Fsvg%22%3E%3Crect%20width%3D%22100%%22%20height%3D%22100%%22%20fill%3D%22transparent%22%2F%3E%3C%2Fsvg%3E\" alt=\"\" old-srcset=\"https:\/\/ml4lvzevoq9y.i.optimole.com\/w:338\/h:215\/q:mauto\/f:best\/https:\/\/www.itechsas.com\/blog\/wp-content\/uploads\/2023\/05\/image-4.png 338w, https:\/\/ml4lvzevoq9y.i.optimole.com\/w:300\/h:191\/q:mauto\/f:best\/https:\/\/www.itechsas.com\/blog\/wp-content\/uploads\/2023\/05\/image-4.png 300w\" \/><\/td><td class=\"has-text-align-left\" data-align=\"left\"><strong>SEGURIDAD EN TRANSACCIONES<br><\/strong>Aprenda c\u00f3mo asegurar su informaci\u00f3n en cualquier transacci\u00f3n en l\u00ednea con este curso.<br><strong>Duraci\u00f3n 1 H<\/strong><\/td><\/tr><\/tbody><\/table><\/figure>\n\n\n\n<div class=\"wp-block-buttons is-content-justification-center is-layout-flex wp-container-core-buttons-is-layout-16018d1d wp-block-buttons-is-layout-flex\">\n<div class=\"wp-block-button\"><a class=\"wp-block-button__link has-vivid-cyan-blue-background-color has-background wp-element-button\" href=\"https:\/\/forms.gle\/FgbV4mEtvgca3Lp49\" target=\"_blank\" rel=\"noreferrer noopener\">Registro sin costo &#8230;<\/a><\/div>\n<\/div>\n","protected":false},"excerpt":{"rendered":"<p>Cursos sin costo para clientes: Accede a los recursos educativos exclusivos para nuestros clientes: ESET PROTECT CLOUDConoce todas las caracter\u00edsticas de la consola Web y s\u00e1cale el mayor provecho, como: gestionar grupos, crear y asignar pol\u00edticas, y configuraciones varias. SEGURIDAD PARA PYMESAprenda c\u00f3mo implementar pol\u00edticas de seguridad que se ajusten a su negocio.Duraci\u00f3n 3 H&hellip;<\/p>\n","protected":false},"author":1,"featured_media":0,"parent":0,"menu_order":0,"comment_status":"closed","ping_status":"closed","template":"","meta":{"footnotes":""},"class_list":["post-2534","page","type-page","status-publish","hentry"],"_links":{"self":[{"href":"https:\/\/www.itechsas.com\/blog\/wp-json\/wp\/v2\/pages\/2534","targetHints":{"allow":["GET"]}}],"collection":[{"href":"https:\/\/www.itechsas.com\/blog\/wp-json\/wp\/v2\/pages"}],"about":[{"href":"https:\/\/www.itechsas.com\/blog\/wp-json\/wp\/v2\/types\/page"}],"author":[{"embeddable":true,"href":"https:\/\/www.itechsas.com\/blog\/wp-json\/wp\/v2\/users\/1"}],"replies":[{"embeddable":true,"href":"https:\/\/www.itechsas.com\/blog\/wp-json\/wp\/v2\/comments?post=2534"}],"version-history":[{"count":10,"href":"https:\/\/www.itechsas.com\/blog\/wp-json\/wp\/v2\/pages\/2534\/revisions"}],"predecessor-version":[{"id":3635,"href":"https:\/\/www.itechsas.com\/blog\/wp-json\/wp\/v2\/pages\/2534\/revisions\/3635"}],"wp:attachment":[{"href":"https:\/\/www.itechsas.com\/blog\/wp-json\/wp\/v2\/media?parent=2534"}],"curies":[{"name":"wp","href":"https:\/\/api.w.org\/{rel}","templated":true}]}}