{"id":345,"date":"2015-02-23T20:58:02","date_gmt":"2015-02-23T20:58:02","guid":{"rendered":"http:\/\/www.itechsas.com\/blog\/?page_id=345"},"modified":"2020-08-08T13:51:37","modified_gmt":"2020-08-08T18:51:37","slug":"ley-1581-protecion-de-datos","status":"publish","type":"page","link":"https:\/\/www.itechsas.com\/blog\/ley-1581-protecion-de-datos\/","title":{"rendered":"Proteccion de Datos"},"content":{"rendered":"<p style=\"text-align: center;\"><a href=\"https:\/\/ml4lvzevoq9y.i.optimole.com\/w:auto\/h:auto\/q:mauto\/f:best\/http:\/\/www.itechsas.com\/blog\/wp-content\/uploads\/2015\/02\/proteccion_datos_personales.jpg\"><img data-opt-id=390017513  fetchpriority=\"high\" decoding=\"async\" class=\"alignnone size-medium wp-image-350\" src=\"https:\/\/ml4lvzevoq9y.i.optimole.com\/w:300\/h:182\/q:mauto\/f:best\/http:\/\/www.itechsas.com\/blog\/wp-content\/uploads\/2015\/02\/proteccion_datos_personales.jpg\" alt=\"proteccion_datos_personales\" width=\"300\" height=\"182\" srcset=\"https:\/\/ml4lvzevoq9y.i.optimole.com\/w:300\/h:182\/q:mauto\/f:best\/https:\/\/www.itechsas.com\/blog\/wp-content\/uploads\/2015\/02\/proteccion_datos_personales.jpg 300w, https:\/\/ml4lvzevoq9y.i.optimole.com\/w:100\/h:61\/q:mauto\/f:best\/dpr:2\/https:\/\/www.itechsas.com\/blog\/wp-content\/uploads\/2015\/02\/proteccion_datos_personales.jpg 100w, https:\/\/ml4lvzevoq9y.i.optimole.com\/w:760\/h:460\/q:mauto\/f:best\/https:\/\/www.itechsas.com\/blog\/wp-content\/uploads\/2015\/02\/proteccion_datos_personales.jpg 760w\" sizes=\"(max-width: 300px) 100vw, 300px\" \/><\/a><\/p>\n<p style=\"text-align: justify;\">La Ley de Protecci\u00f3n de Datos Personales reconoce y protege el derecho que tienen todas las personas a conocer, actualizar y rectificar las informaciones que se hayan recogido sobre ellas en bases de datos o archivos que sean susceptibles de tratamiento por entidades de naturaleza p\u00fablica o privada.<\/p>\n<p style=\"text-align: justify;\"><strong>\u00bfQu\u00e9 son Datos Personales?<\/strong><\/p>\n<p style=\"text-align: justify;\">Cuando hablamos de datos personales nos referimos a toda aquella informaci\u00f3n asociada a una persona y que permite su identificaci\u00f3n. Por ejemplo, su documento de identidad, el lugar de nacimiento, estado civil, edad, lugar de residencia, trayectoria acad\u00e9mica, laboral, o profesional. Existe tambi\u00e9n informaci\u00f3n m\u00e1s sensible como su estado de salud, sus caracter\u00edsticas f\u00edsicas, ideolog\u00eda pol\u00edtica, vida sexual, entre otros aspectos.<\/p>\n<p style=\"text-align: justify;\"><strong>\u00bfC\u00f3mo se recogen los datos personales?<\/strong><\/p>\n<p style=\"text-align: justify;\">Los datos personales conforman la informaci\u00f3n necesaria para que una persona pueda interactuar con otras o con una o m\u00e1s empresas y\/o entidades para que sea plenamente individualizada del resto de la sociedad, haciendo posible la generaci\u00f3n de flujos de informaci\u00f3n que contribuyen con el crecimiento econ\u00f3mico y el mejoramiento de bienes y servicios. As\u00ed por ejemplo, cuando hacemos una solicitud de cr\u00e9dito ante una entidad financiera, se requiere diligenciar formularios con nuestra informaci\u00f3n personal, o cuando realizamos una compra y para realizar la factura de venta solicitan datos como el n\u00famero de documento de identidad, correo electr\u00f3nico, direcci\u00f3n y tel\u00e9fono de contacto, entre otros.<\/p>\n<p style=\"text-align: justify;\"><strong>\u00bfQu\u00e9 tipos de datos hay?<\/strong><\/p>\n<p style=\"text-align: justify;\">Las disposiciones sobre protecci\u00f3n de datos, establecen tipolog\u00edas de datos seg\u00fan el mayor o menor grado de aceptabilidad de la divulgaci\u00f3n:<\/p>\n<p style=\"text-align: justify;\">Dato P\u00fablico:<br \/>\nEs el dato que la ley o la Constituci\u00f3n Pol\u00edtica determina como tal, as\u00ed como todos aquellos que no sean semiprivados o privados.<br \/>\nDato Semiprivado:<br \/>\nEs el dato que no tiene naturaleza \u00edntima, reservada, ni p\u00fablica y cuyo conocimiento o divulgaci\u00f3n puede interesar no s\u00f3lo a su titular sino a cierto sector o grupo de personas.<br \/>\nDato Privado:<br \/>\nEs el dato que por su naturaleza \u00edntima o reservada s\u00f3lo es relevante para el titular de la informaci\u00f3n.<br \/>\nDato Sensible:<br \/>\nEs el dato que afecta la intimidad del titular o cuyo uso indebido puede generar su discriminaci\u00f3n.<\/p>\n<p style=\"text-align: justify;\"><strong>\u00bfA qu\u00e9 datos personales no se aplica la ley?<\/strong><\/p>\n<p style=\"text-align: justify;\">A las bases de datos o archivos mantenidos en un \u00e1mbito exclusivamente personal o dom\u00e9stico.<br \/>\nLas que tengan por finalidad la seguridad y defensa nacionalla prevenci\u00f3n, detecci\u00f3n, monitoreo y control del lavado de activos y el financiamiento del terrorismo.<br \/>\nLas que tengan como fin y contengan informaci\u00f3n de inteligencia y contrainteligencia.<br \/>\nLas que contengan informaci\u00f3n period\u00edstica y otros contenidos editoriales<br \/>\nLas bases de datos con informaci\u00f3n financiera, crediticia, comercial y de servicios, y de los censos de poblaci\u00f3n y vivienda.<\/p>\n","protected":false},"excerpt":{"rendered":"<p>La Ley de Protecci\u00f3n de Datos Personales reconoce y protege el derecho que tienen todas las personas a conocer, actualizar y rectificar las informaciones que se hayan recogido sobre ellas en bases de datos o archivos que sean susceptibles de tratamiento por entidades de naturaleza p\u00fablica o privada. \u00bfQu\u00e9 son Datos Personales? Cuando hablamos de&hellip;<\/p>\n","protected":false},"author":1,"featured_media":0,"parent":0,"menu_order":2,"comment_status":"closed","ping_status":"closed","template":"","meta":{"footnotes":""},"class_list":["post-345","page","type-page","status-publish","hentry"],"_links":{"self":[{"href":"https:\/\/www.itechsas.com\/blog\/wp-json\/wp\/v2\/pages\/345","targetHints":{"allow":["GET"]}}],"collection":[{"href":"https:\/\/www.itechsas.com\/blog\/wp-json\/wp\/v2\/pages"}],"about":[{"href":"https:\/\/www.itechsas.com\/blog\/wp-json\/wp\/v2\/types\/page"}],"author":[{"embeddable":true,"href":"https:\/\/www.itechsas.com\/blog\/wp-json\/wp\/v2\/users\/1"}],"replies":[{"embeddable":true,"href":"https:\/\/www.itechsas.com\/blog\/wp-json\/wp\/v2\/comments?post=345"}],"version-history":[{"count":0,"href":"https:\/\/www.itechsas.com\/blog\/wp-json\/wp\/v2\/pages\/345\/revisions"}],"wp:attachment":[{"href":"https:\/\/www.itechsas.com\/blog\/wp-json\/wp\/v2\/media?parent=345"}],"curies":[{"name":"wp","href":"https:\/\/api.w.org\/{rel}","templated":true}]}}

<p style="text-align: center;"><a href="https://ml4lvzevoq9y.i.optimole.com/w:auto/h:auto/q:mauto/f:best/http://www.itechsas.com/blog/wp-content/uploads/2015/02/proteccion_datos_personales.jpg"><img data-opt-id=390017513  fetchpriority="high" decoding="async" class="alignnone size-medium wp-image-350" src="https://ml4lvzevoq9y.i.optimole.com/w:300/h:182/q:mauto/f:best/http://www.itechsas.com/blog/wp-content/uploads/2015/02/proteccion_datos_personales.jpg" alt="proteccion_datos_personales" width="300" height="182" srcset="https://ml4lvzevoq9y.i.optimole.com/w:300/h:182/q:mauto/f:best/https://www.itechsas.com/blog/wp-content/uploads/2015/02/proteccion_datos_personales.jpg 300w, https://ml4lvzevoq9y.i.optimole.com/w:100/h:61/q:mauto/f:best/dpr:2/https://www.itechsas.com/blog/wp-content/uploads/2015/02/proteccion_datos_personales.jpg 100w, https://ml4lvzevoq9y.i.optimole.com/w:760/h:460/q:mauto/f:best/https://www.itechsas.com/blog/wp-content/uploads/2015/02/proteccion_datos_personales.jpg 760w" sizes="(max-width: 300px) 100vw, 300px" /></a></p>
<p style="text-align: justify;">La Ley de Protección de Datos Personales reconoce y protege el derecho que tienen todas las personas a conocer, actualizar y rectificar las informaciones que se hayan recogido sobre ellas en bases de datos o archivos que sean susceptibles de tratamiento por entidades de naturaleza pública o privada.</p>
<p style="text-align: justify;"><strong>¿Qué son Datos Personales?</strong></p>
<p style="text-align: justify;">Cuando hablamos de datos personales nos referimos a toda aquella información asociada a una persona y que permite su identificación. Por ejemplo, su documento de identidad, el lugar de nacimiento, estado civil, edad, lugar de residencia, trayectoria académica, laboral, o profesional. Existe también información más sensible como su estado de salud, sus características físicas, ideología política, vida sexual, entre otros aspectos.</p>
<p style="text-align: justify;"><strong>¿Cómo se recogen los datos personales?</strong></p>
<p style="text-align: justify;">Los datos personales conforman la información necesaria para que una persona pueda interactuar con otras o con una o más empresas y/o entidades para que sea plenamente individualizada del resto de la sociedad, haciendo posible la generación de flujos de información que contribuyen con el crecimiento económico y el mejoramiento de bienes y servicios. Así por ejemplo, cuando hacemos una solicitud de crédito ante una entidad financiera, se requiere diligenciar formularios con nuestra información personal, o cuando realizamos una compra y para realizar la factura de venta solicitan datos como el número de documento de identidad, correo electrónico, dirección y teléfono de contacto, entre otros.</p>
<p style="text-align: justify;"><strong>¿Qué tipos de datos hay?</strong></p>
<p style="text-align: justify;">Las disposiciones sobre protección de datos, establecen tipologías de datos según el mayor o menor grado de aceptabilidad de la divulgación:</p>
<p style="text-align: justify;">Dato Público:<br />
Es el dato que la ley o la Constitución Política determina como tal, así como todos aquellos que no sean semiprivados o privados.<br />
Dato Semiprivado:<br />
Es el dato que no tiene naturaleza íntima, reservada, ni pública y cuyo conocimiento o divulgación puede interesar no sólo a su titular sino a cierto sector o grupo de personas.<br />
Dato Privado:<br />
Es el dato que por su naturaleza íntima o reservada sólo es relevante para el titular de la información.<br />
Dato Sensible:<br />
Es el dato que afecta la intimidad del titular o cuyo uso indebido puede generar su discriminación.</p>
<p style="text-align: justify;"><strong>¿A qué datos personales no se aplica la ley?</strong></p>
<p style="text-align: justify;">A las bases de datos o archivos mantenidos en un ámbito exclusivamente personal o doméstico.<br />
Las que tengan por finalidad la seguridad y defensa nacionalla prevención, detección, monitoreo y control del lavado de activos y el financiamiento del terrorismo.<br />
Las que tengan como fin y contengan información de inteligencia y contrainteligencia.<br />
Las que contengan información periodística y otros contenidos editoriales<br />
Las bases de datos con información financiera, crediticia, comercial y de servicios, y de los censos de población y vivienda.</p>

<p>La Ley de Protección de Datos Personales reconoce y protege el derecho que tienen todas las personas a conocer, actualizar y rectificar las informaciones que se hayan recogido sobre ellas en bases de datos o archivos que sean susceptibles de tratamiento por entidades de naturaleza pública o privada. ¿Qué son Datos Personales? Cuando hablamos de&hellip;</p>
