{"id":604,"date":"2021-07-05T23:51:51","date_gmt":"2021-07-05T23:51:51","guid":{"rendered":"https:\/\/www.itechsas.com\/home\/?post_type=product&#038;p=604"},"modified":"2021-10-02T23:51:11","modified_gmt":"2021-10-02T23:51:11","slug":"digital-defense","status":"publish","type":"product","link":"https:\/\/www.itechsas.com\/home\/product\/digital-defense\/","title":{"rendered":"GESTION AMENAZAS"},"content":{"rendered":"<p><strong>Digital Defense<\/strong>: La mejor plataforma de evaluaci\u00f3n de amenazas y gesti\u00f3n de vulnerabilidades nativa en la nube, construida para facilitar su uso, comprometida con el m\u00e1s alto nivel de rendimiento y precisi\u00f3n.<\/p>\n<p>La gesti\u00f3n de vulnerabilidades es m\u00e1s que un simple an\u00e1lisis y evaluaci\u00f3n de vulnerabilidades. Utiliza datos ricos y tecnolog\u00eda poderosa para identificar, priorizar y administrar de manera efectiva y eficiente la correcci\u00f3n de debilidades para obtener el m\u00e1ximo beneficio de seguridad para su organizaci\u00f3n.<\/p>\n<p>Se cuentan con varias opciones:<\/p>\n<ul>\n<li><strong><a href=\"https:\/\/www.digitaldefense.com\/platform\/frontline-vm\/\" target=\"_blank\" rel=\"noopener\">Frontline VM \u2122<\/a>\u00a0\u00a0:<\/strong>\u00a0 Gesti\u00f3n de vulnerabilidades<\/li>\n<li><strong><a href=\"https:\/\/www.digitaldefense.com\/platform\/frontline-was\/\" target=\"_blank\" rel=\"noopener\">Frontline WAS \u2122<\/a>\u00a0\u00a0:<\/strong>\u00a0 Escaneo de aplicaciones web<\/li>\n<li><strong><a href=\"https:\/\/www.digitaldefense.com\/platform\/frontline-active-threat-sweep\/\" target=\"_blank\" rel=\"noopener\">Frontline ATS \u2122<\/a>\u00a0 :<\/strong>\u00a0 Barrido de amenazas activo<\/li>\n<li><strong><a href=\"https:\/\/www.digitaldefense.com\/solution-overview\/test\/\" target=\"_blank\" rel=\"noopener\">Frontline Pen Test \u2122<\/a>\u00a0\u00a0:<\/strong>\u00a0 Pentest e informes en l\u00ednea<\/li>\n<\/ul>\n<p>&nbsp;<\/p>\n<p><iframe title=\"Evaluaci\u00f3n autom\u00e1tica de vulnerabilidades y gesti\u00f3n en nube\" width=\"640\" height=\"360\" src=\"https:\/\/www.youtube.com\/embed\/LFexz-UtNk4?feature=oembed\" frameborder=\"0\" allow=\"accelerometer; autoplay; clipboard-write; encrypted-media; gyroscope; picture-in-picture; web-share\" referrerpolicy=\"strict-origin-when-cross-origin\" allowfullscreen><\/iframe><\/p>\n<p><a href=\"https:\/\/www.itechsas.com\/home\/wp-content\/uploads\/2021\/07\/Digital-Defense-ITECH-SAS.pdf\" target=\"_blank\" rel=\"noopener\">Descargar detalles del producto<\/a><\/p>\n<h4 style=\"text-align: center;\">[ <a href=\"https:\/\/forms.gle\/GkFPWdpHqFvW4uab6\" target=\"_blank\" rel=\"noopener\"><span style=\"color: #0000ff;\">QUIERO PROBARLO<\/span><\/a> ]<\/h4>\n<p>&nbsp;<\/p>\n<hr \/>\n<p>&nbsp;<\/p>\n<p>&nbsp;<\/p>\n","protected":false},"excerpt":{"rendered":"<p>La mejor plataforma de evaluaci\u00f3n de amenazas y gesti\u00f3n de vulnerabilidades nativa en la nube, construida para facilitar su uso, comprometida con el m\u00e1s alto nivel de rendimiento y precisi\u00f3n.<\/p>\n","protected":false},"featured_media":605,"comment_status":"closed","ping_status":"closed","template":"","meta":{"content-type":""},"product_brand":[],"product_cat":[23],"product_tag":[],"class_list":{"0":"post-604","1":"product","2":"type-product","3":"status-publish","4":"has-post-thumbnail","6":"product_cat-servicios-de-ciberseguridad","8":"first","9":"instock","10":"shipping-taxable","11":"product-type-simple"},"_links":{"self":[{"href":"https:\/\/www.itechsas.com\/home\/wp-json\/wp\/v2\/product\/604","targetHints":{"allow":["GET"]}}],"collection":[{"href":"https:\/\/www.itechsas.com\/home\/wp-json\/wp\/v2\/product"}],"about":[{"href":"https:\/\/www.itechsas.com\/home\/wp-json\/wp\/v2\/types\/product"}],"replies":[{"embeddable":true,"href":"https:\/\/www.itechsas.com\/home\/wp-json\/wp\/v2\/comments?post=604"}],"wp:featuredmedia":[{"embeddable":true,"href":"https:\/\/www.itechsas.com\/home\/wp-json\/wp\/v2\/media\/605"}],"wp:attachment":[{"href":"https:\/\/www.itechsas.com\/home\/wp-json\/wp\/v2\/media?parent=604"}],"wp:term":[{"taxonomy":"product_brand","embeddable":true,"href":"https:\/\/www.itechsas.com\/home\/wp-json\/wp\/v2\/product_brand?post=604"},{"taxonomy":"product_cat","embeddable":true,"href":"https:\/\/www.itechsas.com\/home\/wp-json\/wp\/v2\/product_cat?post=604"},{"taxonomy":"product_tag","embeddable":true,"href":"https:\/\/www.itechsas.com\/home\/wp-json\/wp\/v2\/product_tag?post=604"}],"curies":[{"name":"wp","href":"https:\/\/api.w.org\/{rel}","templated":true}]}}